{"id":633,"date":"2015-07-21T13:42:33","date_gmt":"2015-07-21T13:42:33","guid":{"rendered":"http:\/\/capethemes.com\/demo\/industry\/?page_id=633"},"modified":"2016-12-28T14:45:21","modified_gmt":"2016-12-28T14:45:21","slug":"visionmisionvalores","status":"publish","type":"page","link":"https:\/\/grausa.com\/new\/visionmisionvalores\/?lang=es","title":{"rendered":"Visi\u00f3n-Misi\u00f3n-Valores"},"content":{"rendered":"<h2><img loading=\"lazy\" class=\"alignnone size-medium wp-image-1251 alignright\" src=\"http:\/\/grausa.com\/new\/wp-content\/uploads\/2016\/12\/WEBIMG_3921-300x225.jpg\" alt=\"webimg_3921\" width=\"300\" height=\"225\" srcset=\"https:\/\/grausa.com\/new\/wp-content\/uploads\/2016\/12\/WEBIMG_3921-300x225.jpg 300w, https:\/\/grausa.com\/new\/wp-content\/uploads\/2016\/12\/WEBIMG_3921.jpg 400w\" sizes=\"(max-width: 300px) 100vw, 300px\" \/>Visi\u00f3n<\/h2>\n<p>Ser la Empresa de referencia en calidad y servicio en el sector de tintes y acabados textiles.<\/p>\n<h2>Misi\u00f3n<\/h2>\n<p>Ofrecemos a nuestros clientes soluciones de tintes y acabados en tejidos de cualquier composici\u00f3n con la calidad requerida, el servicio necesario y a un coste competitivo.<\/p>\n<h2>Valores<\/h2>\n<p>Confianza<br \/>\nServicio al Cliente<br \/>\nProfesionalidad<br \/>\nCompromiso<br \/>\nRespeto a las Personas y al Medio Ambiente<\/p>\n","protected":false},"excerpt":{"rendered":"<p>Visi\u00f3n Ser la Empresa de referencia en calidad y servicio en el sector de tintes y acabados textiles. Misi\u00f3n Ofrecemos a nuestros clientes soluciones de tintes y acabados en tejidos de cualquier composici\u00f3n con la calidad requerida, el servicio necesario y a un coste competitivo. Valores Confianza Servicio al Cliente Profesionalidad Compromiso Respeto a las &hellip;<\/p>\n","protected":false},"author":1,"featured_media":0,"parent":0,"menu_order":0,"comment_status":"closed","ping_status":"closed","template":"template-fullwidth.php","meta":{"kk_blocks_editor_width":"","_kiokenblocks_attr":"","_kiokenblocks_dimensions":""},"_links":{"self":[{"href":"https:\/\/grausa.com\/new\/wp-json\/wp\/v2\/pages\/633"}],"collection":[{"href":"https:\/\/grausa.com\/new\/wp-json\/wp\/v2\/pages"}],"about":[{"href":"https:\/\/grausa.com\/new\/wp-json\/wp\/v2\/types\/page"}],"author":[{"embeddable":true,"href":"https:\/\/grausa.com\/new\/wp-json\/wp\/v2\/users\/1"}],"replies":[{"embeddable":true,"href":"https:\/\/grausa.com\/new\/wp-json\/wp\/v2\/comments?post=633"}],"version-history":[{"count":12,"href":"https:\/\/grausa.com\/new\/wp-json\/wp\/v2\/pages\/633\/revisions"}],"predecessor-version":[{"id":1252,"href":"https:\/\/grausa.com\/new\/wp-json\/wp\/v2\/pages\/633\/revisions\/1252"}],"wp:attachment":[{"href":"https:\/\/grausa.com\/new\/wp-json\/wp\/v2\/media?parent=633"}],"curies":[{"name":"wp","href":"https:\/\/api.w.org\/{rel}","templated":true}]}}