{"id":541,"date":"2015-07-17T13:10:33","date_gmt":"2015-07-17T13:10:33","guid":{"rendered":"http:\/\/capethemes.com\/demo\/industry\/?page_id=541"},"modified":"2018-03-07T17:39:38","modified_gmt":"2018-03-07T17:39:38","slug":"almacen","status":"publish","type":"page","link":"https:\/\/grausa.com\/new\/almacen\/?lang=es","title":{"rendered":"Almac\u00e9n"},"content":{"rendered":"<p>Almac\u00e9n para log\u00edstica, preparaci\u00f3n y estocaje de todo tipos de tejidos, preparaci\u00f3n de partidas, control de stocks, revisi\u00f3n y control del g\u00e9nero a la recepci\u00f3n para comprobar si se ajusta a los est\u00e1ndares del cliente.<\/p>\n<div class=\"su-row\"><\/div><div class=\"su-column su-column-size-1-3\"><div class=\"su-column-inner su-u-clearfix su-u-trim\">\n<p><img loading=\"lazy\" class=\"size-full wp-image-1968\" src=\"http:\/\/grausa.com\/new\/wp-content\/uploads\/2018\/03\/101_0045.jpg\" alt=\"KODAK Digital Still Camera\" width=\"4608\" height=\"3456\" srcset=\"https:\/\/grausa.com\/new\/wp-content\/uploads\/2018\/03\/101_0045.jpg 4608w, https:\/\/grausa.com\/new\/wp-content\/uploads\/2018\/03\/101_0045-300x225.jpg 300w, https:\/\/grausa.com\/new\/wp-content\/uploads\/2018\/03\/101_0045-768x576.jpg 768w, https:\/\/grausa.com\/new\/wp-content\/uploads\/2018\/03\/101_0045-1024x768.jpg 1024w\" sizes=\"(max-width: 4608px) 100vw, 4608px\" \/><\/p>\n<\/div><\/div><div class=\"su-column su-column-size-1-3\"><div class=\"su-column-inner su-u-clearfix su-u-trim\">\n<img loading=\"lazy\" class=\"alignnone wp-image-1969\" src=\"http:\/\/grausa.com\/new\/wp-content\/uploads\/2018\/03\/IMG_6120.jpg\" alt=\"IMG_6120\" width=\"919\" height=\"689\" srcset=\"https:\/\/grausa.com\/new\/wp-content\/uploads\/2018\/03\/IMG_6120.jpg 3648w, https:\/\/grausa.com\/new\/wp-content\/uploads\/2018\/03\/IMG_6120-300x225.jpg 300w, https:\/\/grausa.com\/new\/wp-content\/uploads\/2018\/03\/IMG_6120-768x576.jpg 768w, https:\/\/grausa.com\/new\/wp-content\/uploads\/2018\/03\/IMG_6120-1024x768.jpg 1024w\" sizes=\"(max-width: 919px) 100vw, 919px\" \/><br \/>\n<\/div><\/div><div class=\"su-column su-column-size-1-3\"><div class=\"su-column-inner su-u-clearfix su-u-trim\">\n<img loading=\"lazy\" src=\"http:\/\/grausa.com\/new\/wp-content\/uploads\/2016\/12\/alm01.jpg\" width=\"704\" height=\"480\" \/><br \/>\n<\/div><\/div>\n","protected":false},"excerpt":{"rendered":"<p>Almac\u00e9n para log\u00edstica, preparaci\u00f3n y estocaje de todo tipos de tejidos, preparaci\u00f3n de partidas, control de stocks, revisi\u00f3n y control del g\u00e9nero a la recepci\u00f3n para comprobar si se ajusta a los est\u00e1ndares del cliente.<\/p>\n","protected":false},"author":1,"featured_media":0,"parent":0,"menu_order":0,"comment_status":"closed","ping_status":"closed","template":"","meta":{"kk_blocks_editor_width":"","_kiokenblocks_attr":"","_kiokenblocks_dimensions":""},"_links":{"self":[{"href":"https:\/\/grausa.com\/new\/wp-json\/wp\/v2\/pages\/541"}],"collection":[{"href":"https:\/\/grausa.com\/new\/wp-json\/wp\/v2\/pages"}],"about":[{"href":"https:\/\/grausa.com\/new\/wp-json\/wp\/v2\/types\/page"}],"author":[{"embeddable":true,"href":"https:\/\/grausa.com\/new\/wp-json\/wp\/v2\/users\/1"}],"replies":[{"embeddable":true,"href":"https:\/\/grausa.com\/new\/wp-json\/wp\/v2\/comments?post=541"}],"version-history":[{"count":11,"href":"https:\/\/grausa.com\/new\/wp-json\/wp\/v2\/pages\/541\/revisions"}],"predecessor-version":[{"id":1215,"href":"https:\/\/grausa.com\/new\/wp-json\/wp\/v2\/pages\/541\/revisions\/1215"}],"wp:attachment":[{"href":"https:\/\/grausa.com\/new\/wp-json\/wp\/v2\/media?parent=541"}],"curies":[{"name":"wp","href":"https:\/\/api.w.org\/{rel}","templated":true}]}}