{"id":1705,"date":"2017-02-17T09:12:40","date_gmt":"2017-02-17T09:12:40","guid":{"rendered":"http:\/\/grausa.com\/new\/?page_id=1705"},"modified":"2017-02-17T09:13:36","modified_gmt":"2017-02-17T09:13:36","slug":"id","status":"publish","type":"page","link":"https:\/\/grausa.com\/new\/id\/?lang=fr","title":{"rendered":"R+D"},"content":{"rendered":"<p><strong>Les projets de \u00a0\u00a0R + D<\/strong><\/p>\n<p>Entit\u00e9 de protection de l\u2019Asociaci\u00f3n Espa\u00f1ola de Qu\u00edmicos y Coloristas Textiles (Association Espagnole des Chimistes et Coloristes du Textil) <a href=\"http:\/\/aeqct.org\/es\/\">AEQCT<\/a>.<\/p>\n<p>Soci\u00e9t\u00e9 associ\u00e9e au Centro Tecnol\u00f3gico <a href=\"http:\/\/www.aitex.es\/es\/\">AITEX<\/a> (Centre Technologique Aitex).<\/p>\n<p>Normes UNE 166002 ensemble le Centre Technologique <a href=\"http:\/\/www.leitat.org\/castellano\/\">LEITAT<\/a>.<\/p>\n<p>ECUVal\u00a0 &#8211; Projet europ\u00e9en en R + D en ensemble avec \u00a0l\u2019UPC (Universit\u00e9 Politechnique Catalogne) pour la d\u00e9coloration des eaux r\u00e9siduelles.<\/p>\n<p>Grau, S.A. participe au projet ECUVal, un projet d\u2019un nouveau traitement pour la d\u00e9coloration des effluents textiles apr\u00e8s les processus de teinture. Avec l\u2019objectif de beneficier l\u2019environnement et obtenir ainsi qu\u2019une plus grande efficacit\u00e9 dans l\u2019utilisation des ressources.<\/p>\n<p>Le projet\u00a0\u00a0\u00a0 ECUVal\u00a0 c\u2019est une technologie \u00e9cologique\u00a0 bas\u00e9e sur un syst\u00e8me innovatif qui combine les techniques \u00e9lectrochimiques avec le rayonnement UV. Pour le traitement des eaux us\u00e9es en provenance de la teinture textile, a fin de r\u00e9utiliser ces effluents une fois qu\u2019ils\u00a0 ont\u00a0 \u00e9t\u00e9 trait\u00e9s.<\/p>\n<p>&nbsp;<\/p>\n<div class=\"su-row\"><div class=\"su-column su-column-size-1-6\"><div class=\"su-column-inner su-u-clearfix su-u-trim\">\n<a href=\"http:\/\/www.ecuval.eu\/es\/node\/20\" target=\"blank\"><img src=\"http:\/\/grausa.com\/new\/wp-content\/uploads\/2016\/12\/id01.png\" data-gal='prettyPhoto' rel='prettyPhoto' \/><\/a><br \/>\n<\/div><\/div><div class=\"su-column su-column-size-1-6\"><div class=\"su-column-inner su-u-clearfix su-u-trim\">\n<a href=\"http:\/\/www.fitex.es\/\" target=\"blank\"><img src=\"http:\/\/grausa.com\/new\/wp-content\/uploads\/2016\/12\/id02.png\" data-gal='prettyPhoto' rel='prettyPhoto' \/><\/a><br \/>\n<\/div><\/div><div class=\"su-column su-column-size-1-6\"><div class=\"su-column-inner su-u-clearfix su-u-trim\">\n<a href=\"http:\/\/www.icomatex.com\" target=\"blank\"><img src=\"http:\/\/grausa.com\/new\/wp-content\/uploads\/2016\/12\/id03.png\" data-gal='prettyPhoto' rel='prettyPhoto' \/><\/a><br \/>\n<\/div><\/div><div class=\"su-column su-column-size-1-6\"><div class=\"su-column-inner su-u-clearfix su-u-trim\">\n<a href=\"http:\/\/www.upc.edu\/intexter\/ca\" target=\"blank\"><img src=\"http:\/\/grausa.com\/new\/wp-content\/uploads\/2016\/12\/id04.png\" data-gal='prettyPhoto' rel='prettyPhoto' \/><\/a><br \/>\n<\/div><\/div><div class=\"su-column su-column-size-1-6\"><div class=\"su-column-inner su-u-clearfix su-u-trim\">\n<img src=\"http:\/\/grausa.com\/new\/wp-content\/uploads\/2016\/12\/id05.png\" \/><br \/>\n<\/div><\/div><div class=\"su-column su-column-size-1-6\"><div class=\"su-column-inner su-u-clearfix su-u-trim\">\n<img src=\"http:\/\/grausa.com\/new\/wp-content\/uploads\/2016\/12\/id06.png\" \/><br \/>\n<\/div><\/div><\/div>\n<p>Laboratoire\u00a0 approuv\u00e9\u00a0 pour\u00a0 les\u00a0 \u00e9tudes\u00a0 d\u2019\u00e9chantillons\u00a0 et leur reproductivit\u00e9 dans la production. Archive historique d\u2019\u00e9chantillons. Cuisine de couleurs enti\u00e8rement automatis\u00e9e, a fin d\u2019assurer la continuit\u00e9 maximale entre les\u00a0 diff\u00e9rents \u00a0lots \u00a0de \u00a0production.<\/p>\n<p>Engag\u00e9s \u00a0\u00a0\u00e0\u00a0\u00a0 l\u2019environnement\u00a0 et\u00a0\u00a0 aux\u00a0 normes\u00a0 et\u00a0 standards\u00a0 de qualit\u00e9\u00a0 les\u00a0 plus\u00a0 \u00e9lev\u00e9es.<\/p>\n<div class=\"su-row\"><\/div><div class=\"su-column su-column-size-1-3\"><div class=\"su-column-inner su-u-clearfix su-u-trim\">\n<img loading=\"lazy\" class=\"alignnone wp-image-1241 size-medium\" src=\"http:\/\/grausa.com\/new\/wp-content\/uploads\/2016\/12\/WEBIMG_0091-e1482861740519-300x208.jpg\" alt=\"webimg_0091\" width=\"300\" height=\"208\" srcset=\"https:\/\/grausa.com\/new\/wp-content\/uploads\/2016\/12\/WEBIMG_0091-e1482861740519-300x208.jpg 300w, https:\/\/grausa.com\/new\/wp-content\/uploads\/2016\/12\/WEBIMG_0091-e1482861740519.jpg 676w\" sizes=\"(max-width: 300px) 100vw, 300px\" \/><br \/>\n<\/div><\/div><div class=\"su-column su-column-size-1-3\"><div class=\"su-column-inner su-u-clearfix su-u-trim\">\n<img loading=\"lazy\" class=\"\" src=\"http:\/\/grausa.com\/new\/wp-content\/uploads\/2016\/12\/id02.jpg\" width=\"676\" height=\"461\" \/><br \/>\n<\/div><\/div><div class=\"su-column su-column-size-1-3\"><div class=\"su-column-inner su-u-clearfix su-u-trim\">\n<img src=\"http:\/\/grausa.com\/new\/wp-content\/uploads\/2016\/12\/id03.jpg\" \/><br \/>\n<\/div><\/div>\n<p>&nbsp;<\/p>\n","protected":false},"excerpt":{"rendered":"<p>Les projets de \u00a0\u00a0R + D Entit\u00e9 de protection de l\u2019Asociaci\u00f3n Espa\u00f1ola de Qu\u00edmicos y Coloristas Textiles (Association Espagnole des Chimistes et Coloristes du Textil) AEQCT. Soci\u00e9t\u00e9 associ\u00e9e au Centro Tecnol\u00f3gico AITEX (Centre Technologique Aitex). Normes UNE 166002 ensemble le Centre Technologique LEITAT. ECUVal\u00a0 &#8211; Projet europ\u00e9en en R + D en ensemble avec \u00a0l\u2019UPC &hellip;<\/p>\n","protected":false},"author":3,"featured_media":0,"parent":0,"menu_order":0,"comment_status":"closed","ping_status":"closed","template":"","meta":{"kk_blocks_editor_width":"","_kiokenblocks_attr":"","_kiokenblocks_dimensions":""},"_links":{"self":[{"href":"https:\/\/grausa.com\/new\/wp-json\/wp\/v2\/pages\/1705"}],"collection":[{"href":"https:\/\/grausa.com\/new\/wp-json\/wp\/v2\/pages"}],"about":[{"href":"https:\/\/grausa.com\/new\/wp-json\/wp\/v2\/types\/page"}],"author":[{"embeddable":true,"href":"https:\/\/grausa.com\/new\/wp-json\/wp\/v2\/users\/3"}],"replies":[{"embeddable":true,"href":"https:\/\/grausa.com\/new\/wp-json\/wp\/v2\/comments?post=1705"}],"version-history":[{"count":3,"href":"https:\/\/grausa.com\/new\/wp-json\/wp\/v2\/pages\/1705\/revisions"}],"predecessor-version":[{"id":1708,"href":"https:\/\/grausa.com\/new\/wp-json\/wp\/v2\/pages\/1705\/revisions\/1708"}],"wp:attachment":[{"href":"https:\/\/grausa.com\/new\/wp-json\/wp\/v2\/media?parent=1705"}],"curies":[{"name":"wp","href":"https:\/\/api.w.org\/{rel}","templated":true}]}}