{"id":1697,"date":"2017-02-17T08:07:05","date_gmt":"2017-02-17T08:07:05","guid":{"rendered":"http:\/\/grausa.com\/new\/?page_id=1697"},"modified":"2017-02-17T08:07:05","modified_gmt":"2017-02-17T08:07:05","slug":"qualite-de-service","status":"publish","type":"page","link":"https:\/\/grausa.com\/new\/qualite-de-service\/?lang=fr","title":{"rendered":"Qualit\u00e9  de  Service"},"content":{"rendered":"<p>Notre\u00a0 engagement :\u00a0 R\u00e9pondre\u00a0 aux\u00a0 attentes de nos\u00a0 Clients, \u00e0 la fois, dans la qualit\u00e9 et le service. \u00c0 rendre n\u00f4tres les objectifs de nos Clients.<\/p>\n<p>CONFIANCE, SERVICE, PROFESSIONNALISME, ENGAGEMENT, RESPECT.<\/p>\n<div class=\"su-row\"><\/div><div class=\"su-column su-column-size-1-3\"><div class=\"su-column-inner su-u-clearfix su-u-trim\">\n<img src=\"http:\/\/grausa.com\/new\/wp-content\/uploads\/2016\/12\/01.jpg\" \/><br \/>\n<\/div><\/div><div class=\"su-column su-column-size-1-3\"><div class=\"su-column-inner su-u-clearfix su-u-trim\">\n<img src=\"http:\/\/grausa.com\/new\/wp-content\/uploads\/2016\/12\/03.jpg\" \/><br \/>\n<\/div><\/div><div class=\"su-column su-column-size-1-3\"><div class=\"su-column-inner su-u-clearfix su-u-trim\">\n<img src=\"http:\/\/grausa.com\/new\/wp-content\/uploads\/2016\/12\/04.jpg\" \/><br \/>\n<\/div><\/div>\n","protected":false},"excerpt":{"rendered":"<p>Notre\u00a0 engagement :\u00a0 R\u00e9pondre\u00a0 aux\u00a0 attentes de nos\u00a0 Clients, \u00e0 la fois, dans la qualit\u00e9 et le service. \u00c0 rendre n\u00f4tres les objectifs de nos Clients. CONFIANCE, SERVICE, PROFESSIONNALISME, ENGAGEMENT, RESPECT.<\/p>\n","protected":false},"author":3,"featured_media":0,"parent":0,"menu_order":0,"comment_status":"closed","ping_status":"closed","template":"","meta":{"kk_blocks_editor_width":"","_kiokenblocks_attr":"","_kiokenblocks_dimensions":""},"_links":{"self":[{"href":"https:\/\/grausa.com\/new\/wp-json\/wp\/v2\/pages\/1697"}],"collection":[{"href":"https:\/\/grausa.com\/new\/wp-json\/wp\/v2\/pages"}],"about":[{"href":"https:\/\/grausa.com\/new\/wp-json\/wp\/v2\/types\/page"}],"author":[{"embeddable":true,"href":"https:\/\/grausa.com\/new\/wp-json\/wp\/v2\/users\/3"}],"replies":[{"embeddable":true,"href":"https:\/\/grausa.com\/new\/wp-json\/wp\/v2\/comments?post=1697"}],"version-history":[{"count":1,"href":"https:\/\/grausa.com\/new\/wp-json\/wp\/v2\/pages\/1697\/revisions"}],"predecessor-version":[{"id":1698,"href":"https:\/\/grausa.com\/new\/wp-json\/wp\/v2\/pages\/1697\/revisions\/1698"}],"wp:attachment":[{"href":"https:\/\/grausa.com\/new\/wp-json\/wp\/v2\/media?parent=1697"}],"curies":[{"name":"wp","href":"https:\/\/api.w.org\/{rel}","templated":true}]}}