{"id":1558,"date":"2017-01-19T14:03:01","date_gmt":"2017-01-19T14:03:01","guid":{"rendered":"http:\/\/grausa.com\/new\/?page_id=1558"},"modified":"2017-01-19T14:03:01","modified_gmt":"2017-01-19T14:03:01","slug":"responsabilitat","status":"publish","type":"page","link":"http:\/\/grausa.com\/new\/sostenibilitat-responsabilitat-i-innovacio\/responsabilitat\/","title":{"rendered":"Responsabilitat"},"content":{"rendered":"<p>Fabricaci\u00f3 basada en l&#8217;ecologia i la sostenibilitat. Creiem en la sostenibilitat, la responsabilitat, la innovaci\u00f3 i el respecte del medi ambient.<br \/>\nSom exigents en la gesti\u00f3 de residus i energia, creiem en l&#8217;ecologia i apostem per ella, creiem en les persones, que s\u00f3n les que fan l\u00edders del nostre sector. Apostem per la qualitat i la responsabilitat com a eines per aconseguir els nostres objectiu, que \u00e9s el del nostre client.<\/p>\n<div class=\"su-row\"><\/div><div class=\"su-column su-column-size-1-3\"><div class=\"su-column-inner su-u-clearfix su-u-trim\">\n<img src=\"http:\/\/grausa.com\/new\/wp-content\/uploads\/2016\/12\/res01.jpg\" \/><br \/>\n<\/div><\/div><div class=\"su-column su-column-size-1-3\"><div class=\"su-column-inner su-u-clearfix su-u-trim\">\n<img src=\"http:\/\/grausa.com\/new\/wp-content\/uploads\/2016\/12\/res02.jpg\" \/><br \/>\n<\/div><\/div><div class=\"su-column su-column-size-1-3\"><div class=\"su-column-inner su-u-clearfix su-u-trim\">\n<img src=\"http:\/\/grausa.com\/new\/wp-content\/uploads\/2016\/12\/res03.jpg\" \/><br \/>\n<\/div><\/div>\n","protected":false},"excerpt":{"rendered":"<p>Fabricaci\u00f3 basada en l&#8217;ecologia i la sostenibilitat. Creiem en la sostenibilitat, la responsabilitat, la innovaci\u00f3 i el respecte del medi ambient. Som exigents en la gesti\u00f3 de residus i energia, creiem en l&#8217;ecologia i apostem per ella, creiem en les persones, que s\u00f3n les que fan l\u00edders del nostre sector. Apostem per la qualitat i &hellip;<\/p>\n","protected":false},"author":3,"featured_media":0,"parent":1554,"menu_order":0,"comment_status":"closed","ping_status":"closed","template":"","meta":{"kk_blocks_editor_width":"","_kiokenblocks_attr":"","_kiokenblocks_dimensions":""},"_links":{"self":[{"href":"http:\/\/grausa.com\/new\/wp-json\/wp\/v2\/pages\/1558"}],"collection":[{"href":"http:\/\/grausa.com\/new\/wp-json\/wp\/v2\/pages"}],"about":[{"href":"http:\/\/grausa.com\/new\/wp-json\/wp\/v2\/types\/page"}],"author":[{"embeddable":true,"href":"http:\/\/grausa.com\/new\/wp-json\/wp\/v2\/users\/3"}],"replies":[{"embeddable":true,"href":"http:\/\/grausa.com\/new\/wp-json\/wp\/v2\/comments?post=1558"}],"version-history":[{"count":1,"href":"http:\/\/grausa.com\/new\/wp-json\/wp\/v2\/pages\/1558\/revisions"}],"predecessor-version":[{"id":1559,"href":"http:\/\/grausa.com\/new\/wp-json\/wp\/v2\/pages\/1558\/revisions\/1559"}],"up":[{"embeddable":true,"href":"http:\/\/grausa.com\/new\/wp-json\/wp\/v2\/pages\/1554"}],"wp:attachment":[{"href":"http:\/\/grausa.com\/new\/wp-json\/wp\/v2\/media?parent=1558"}],"curies":[{"name":"wp","href":"https:\/\/api.w.org\/{rel}","templated":true}]}}