{"id":1556,"date":"2017-01-19T14:01:31","date_gmt":"2017-01-19T14:01:31","guid":{"rendered":"http:\/\/grausa.com\/new\/?page_id=1556"},"modified":"2017-01-19T14:01:31","modified_gmt":"2017-01-19T14:01:31","slug":"innovacio","status":"publish","type":"page","link":"http:\/\/grausa.com\/new\/sostenibilitat-responsabilitat-i-innovacio\/innovacio\/","title":{"rendered":"Innovaci\u00f3"},"content":{"rendered":"<p>Compromesos amb la innovaci\u00f3 el servei i la qualitat. Noves fibres, nous teixits, noves solucions, polival\u00e8ncia, moda, garantia, comprom\u00eds. Departament de R + D, control de qualitat a la recepci\u00f3 del teixit, control de la qualitat en els processos intermedis, tra\u00e7abilitat, control qualitat producte final, millora cont\u00ednua de m\u00e8todes.<\/p>\n<div class=\"su-row\"><\/div><div class=\"su-column su-column-size-1-3\"><div class=\"su-column-inner su-u-clearfix su-u-trim\">\n<img src=\"http:\/\/grausa.com\/new\/wp-content\/uploads\/2016\/12\/inn01.jpg\" \/><br \/>\n<\/div><\/div><div class=\"su-column su-column-size-1-3\"><div class=\"su-column-inner su-u-clearfix su-u-trim\">\n<img src=\"http:\/\/grausa.com\/new\/wp-content\/uploads\/2016\/12\/inn02.jpg\" \/><br \/>\n<\/div><\/div><div class=\"su-column su-column-size-1-3\"><div class=\"su-column-inner su-u-clearfix su-u-trim\">\n<img src=\"http:\/\/grausa.com\/new\/wp-content\/uploads\/2016\/12\/inn03.jpg\" \/><br \/>\n<\/div><\/div>\n","protected":false},"excerpt":{"rendered":"<p>Compromesos amb la innovaci\u00f3 el servei i la qualitat. Noves fibres, nous teixits, noves solucions, polival\u00e8ncia, moda, garantia, comprom\u00eds. Departament de R + D, control de qualitat a la recepci\u00f3 del teixit, control de la qualitat en els processos intermedis, tra\u00e7abilitat, control qualitat producte final, millora cont\u00ednua de m\u00e8todes.<\/p>\n","protected":false},"author":3,"featured_media":0,"parent":1554,"menu_order":0,"comment_status":"closed","ping_status":"closed","template":"","meta":{"kk_blocks_editor_width":"","_kiokenblocks_attr":"","_kiokenblocks_dimensions":""},"_links":{"self":[{"href":"http:\/\/grausa.com\/new\/wp-json\/wp\/v2\/pages\/1556"}],"collection":[{"href":"http:\/\/grausa.com\/new\/wp-json\/wp\/v2\/pages"}],"about":[{"href":"http:\/\/grausa.com\/new\/wp-json\/wp\/v2\/types\/page"}],"author":[{"embeddable":true,"href":"http:\/\/grausa.com\/new\/wp-json\/wp\/v2\/users\/3"}],"replies":[{"embeddable":true,"href":"http:\/\/grausa.com\/new\/wp-json\/wp\/v2\/comments?post=1556"}],"version-history":[{"count":1,"href":"http:\/\/grausa.com\/new\/wp-json\/wp\/v2\/pages\/1556\/revisions"}],"predecessor-version":[{"id":1557,"href":"http:\/\/grausa.com\/new\/wp-json\/wp\/v2\/pages\/1556\/revisions\/1557"}],"up":[{"embeddable":true,"href":"http:\/\/grausa.com\/new\/wp-json\/wp\/v2\/pages\/1554"}],"wp:attachment":[{"href":"http:\/\/grausa.com\/new\/wp-json\/wp\/v2\/media?parent=1556"}],"curies":[{"name":"wp","href":"https:\/\/api.w.org\/{rel}","templated":true}]}}